ppose 2*n - 7*n + 10 = -3*m, 38 = -3*m - 2*n. Let t(h) = -h**3 - 10*h**2 + 14. What is t(m)?
14
Let x(p) = 3*p + 1. Let k be x(-1). Let s(d) be the first derivative of -d**4/4 - 2*d**3/3 - d + 144. Determine s(k).
-1
Let a(g) = -11 - 1682*g + 8 + 1679*g. Let z = 2 + -3. Let q be (0 + z)/((-2)/(-6)). Give a(q).
6
Let k(d) = 2*d**2 - 2*d. Let g be k(2). Let n(y) = -y**3 - 3*y**2 + 1 - g + 1 + 2*y**3. Calculate n(2).
-6
Let f(h) be the first derivative of 3*h**2 + 0*h**3 - 5 + 0*h + 1/12*h**4. Let c(i) be the second derivative of f(i). Give c(1).
2
Let p(f) be the second derivative of -f**5/4 + f**4/12 + f**3/3 - 3*f**2/2 + f + 4. Give p(2).
-35
Let d be ((-9)/6)/((-36)/(-48)). Let p(h) = h**2 + h. Determine p(d).
2
Let c(z) = -67*z + 400. Let w be c(6). Let j(r) = -11*r + 3. What is j(w)?
25
Let d(h) = -2*h - 10. Let n be d(-2). Let t(o) = 2*o**2 + 8*o + 11. Let k(c) = c**2 + 4*c + 6. Let v(q) = n*t(q) + 11*k(q). Give v(-4).
0
Let z be -1*72/(-16)*(-7)/(-21). Let b(h) be the first derivative of -1/3*h**3 + 9 - z*h**2 + 7*h. Give b(-5).
-3
Suppose -5 = -2*u + 3*u. Let m(w) be the third derivative of -w**5/60 - w**4/4 - w**3/3 - 2*w**2 + 42*w. What is m(u)?
3
Let d = 41 - 33. Let u(r) = -1 - 6*r**2 + 3*r**3 - r**3 - 2*r**2 + r - r**3. What is u(d)?
7
Let b(q) = -4*q + 6. Let h(n) = -3*n**3 - n - 3. Let k be h(2). Let a be (-13)/(-78) - k/6. Determine b(a).
-14
Let z(n) = n**3 + 9*n**2 - 10*n + 6. Let f be (-46 + 48 - 1*7) + -5. What is z(f)?
6
Let l(b) = -b**2 + b + 1. Suppose 6 - 2 = -4*j. Let u be l(j). Let y(f) = f - 1. Let w be y(u). Let s(v) = -2*v**3 - 4*v**2 - 3*v. Determine s(w).
6
Let s(a) = 8*a**2 - 72*a + 4. Let k be s(9). Let z(f) be the first derivative of f**3/3 - 7*f**2/2 + 4*f - 2. Calculate z(k).
-8
Let h be 4/(-1) - 2 - -2. Let i(j) = -j**2 - 9*j. Determine i(h).
20
Let c(r) be the third derivative of r**6/120 + r**5/20 + 7*r**3/6 + 959*r**2. Calculate c(-3).
7
Let w = -428 + 428. Let d(v) = v**3 - v - 12. Give d(w).
-12
Let d(a) = -4*a**3 - 37*a**2 - 15*a + 24. Let w(x) = -x**3 - 9*x**2 - 4*x + 6. Let b(p) = 2*d(p) - 9*w(p). Calculate b(-6).
-6
Let a(m) be the second derivative of -m**4/2 + m**2/2 + 14*m - 2. Give a(-1).
-5
Let k(s) be the second derivative of 0 + 0*s**3 - 1/6*s**4 - 7*s + 1/20*s**5 + 0*s**2 + 1/720*s**6. Let f(t) be the third derivative of k(t). What is f(0)?
6
Suppose 0*r = 2*r - 24. Let l = r + -10. Let c(g) = g + 0 + 5 + 2*g**l + 2*g + 3*g. Calculate c(-4).
13
Let s(g) = -g**3 - 4*g + 6. Let o(z) = -2*z**3 + z**2 - 8*z + 12. Let w(d) = 4*o(d) - 7*s(d). What is w(4)?
-10
Let k(s) = s**3 + 17*s**2 - s - 24. Suppose 0*v - 19 = 2*u + 3*v, -5*v + 25 = 0. Calculate k(u).
-7
Let q(a) be the first derivative of -a**2/2 + 4*a + 178. Give q(-11).
15
Let c(k) = k**2 - 2*k + 2. Let r be (6/(-2))/((-42)/56). Suppose r*f + 0*a - 4 = a, -f + 2*a - 6 = 0. Give c(f).
2
Let h(y) = 205 - 2*y - 211 + y**3 - 4*y**2 + 0*y**3. Let p = 18 + -13. Give h(p).
9
Let u(o) be the first derivative of 0*o**2 - 2/3*o**3 + 1 - o. Let q(b) = -1742*b - 5225. Let f be q(-3). What is u(f)?
-3
Let l(y) = 3 - 6*y - 4*y + y**2 - 3*y + 9*y. Calculate l(3).
0
Let x(c) = 1. Let i(a) = -a - 4. Suppose 5*j - u - 1 = 5, -2 = 2*u. Let g(n) = j*i(n) + 2*x(n). Let q be (5/(5/4))/(-2) + -1. What is g(q)?
1
Let u(l) = -l**3 + 5*l**2 - 6*l + 3. Let q = 11 + -9. Let k be 10/q*(-3 - 76/(-20)). Determine u(k).
-5
Let f(t) = 7*t**3 - 7*t**2 - 9. Let x(p) = -9*p**3 + 7*p**2 + 11. Let c(u) = 4*f(u) + 3*x(u). Give c(7).
-3
Suppose -5*o - 5*q + 2 = -13, 0 = -5*o + 3*q + 15. Suppose 6 = i - s, 2*i - o*s = 3*i + 2. Let n(f) = -6 + i + 5 + f. Calculate n(-5).
-2
Let p be (3 - (1 + 0)) + 1. Let m be (-1 - 3/(-3)) + p. Let y(x) = x**3 - x - 3*x**2 + m*x**2 - 3 - 2*x. Determine y(-2).
-5
Let b(t) be the first derivative of -5/2*t**2 + 1/4*t**4 + t + 2 - 5/3*t**3. Determine b(6).
7
Let q(s) = -7*s + 11. Let n(f) = 4*f - 6. Let t(z) = 10*n(z) + 6*q(z). Give t(11).
-16
Let i(w) be the first derivative of -w**2/2 - w - 44. What is i(-12)?
11
Suppose -3*f + 0*f = 15. Let l = -14 + 16. Let r(z) = 2*z**l - 3*z**2 - 1 - 5 - 8*z. What is r(f)?
9
Let z(g) = g. Let t be z(0). Suppose t = x - 3*x - 8. Let f(p) be the first derivative of p**3/3 + 2*p**2 - 3*p + 1. What is f(x)?
-3
Let z(u) = u - 12. Suppose -3*w + 71 = 47. What is z(w)?
-4
Let t(w) be the first derivative of w**4/4 + w**3/3 - 13*w - 409. What is t(0)?
-13
Let s(j) = 0*j - 11*j**2 + 6*j - 5*j. Suppose -4 = -4*f, -5*l - f - 3*f + 9 = 0. Let q be (l + -4 - 0) + 4. Give s(q).
-10
Suppose -u + 14 = -6*u - 3*c, -5*u - 16 = 2*c. Let p(n) = -34*n - 4. Let q(h) = 12*h + 1. Let d(t) = 4*p(t) + 11*q(t). Calculate d(u).
11
Suppose -74 + 26 = -3*z. Let d(f) = 4*f - f**3 - z*f + 6*f**2 - 7 + 3*f + 4*f. Suppose 35 = 8*r - r. Calculate d(r).
-7
Let a(u) = u**3 + 5*u**2 - 3*u + 7. Let q = -40 - -40. Suppose 2 = -f - q*c - 3*c, -3*c = 3*f + 12. What is a(f)?
22
Let c(h) = -h**2 - 2. Suppose -5*s + 5*d + 30 = 0, 3*s - 20 = -2*d + 3*d. Let o be (-1 - -5)*s/2. Let b be 6/o - (-11)/7. What is c(b)?
-6
Let z(j) = 12 + 2 + 7*j + j - j**2. Suppose 0 = -2*v + 2*i, 0 = -v + 4*i - 17 + 2. Suppose -5*h - 15 = d, -2*d - 2*d + 15 = v*h. Calculate z(d).
-6
Let q(c) be the first derivative of c**2/2 - 2*c - 123. What is q(1)?
-1
Let o(t) be the second derivative of t**6/720 - t**5/120 + 3*t**4/4 - 17*t. Let f(a) be the third derivative of o(a). What is f(1)?
0
Let w = 59 + -47. Let y be 1/(-3) + 5 + (-104)/w. Let c(u) = -4*u**2 - u - 1. Let a(d) = -3*d**2 - 2*d. Let l(q) = -3*a(q) + 2*c(q). Determine l(y).
-2
Let z(l) = 2 - 1 - 3*l**2 - 2*l**2. Let b(n) = -3*n - 53. Suppose -5*p - 20 = 2*k + 74, -2*p - 4*k = 44. Let i be b(p). Calculate z(i).
-4
Let g(c) = -c - 16. Suppose -5*h - 20 = 0, 4*o - 74 = 4*h - 22. Let x be ((-3)/o)/(4/(-48)). Suppose x*p = -0*p - 4, 4*s = -4*p - 4. What is g(s)?
-16
Let n(f) be the first derivative of f**3/3 + 2*f**2 - 11*f + 69. What is n(5)?
34
Let r(v) = -v**2 + v + 4. Suppose -2*f + t = -25, -5*f + t - 2*t + 59 = 0. Let a = f + -9. Calculate r(a).
-2
Let x(z) = -19*z**3 - z. Suppose -94*u = 5*u - 99. Give x(u).
-20
Let r = -1057 + 1059. Let q = 9 + 0. Let j(w) = w**2 + 6*w + r - w**3 + 2 - q*w + 2*w**2. Determine j(3).
-5
Let g(b) be the third derivative of b**5/60 - 7*b**4/24 - b**3/2 - 7*b**2 - 8*b. Give g(8).
5
Let u(j) = -4*j + 3. Suppose -6*m + 3*m = -3. Let c(k) be the second derivative of -k**2/2 - 11*k. Let s(d) = m*u(d) + 4*c(d). Calculate s(-1).
3
Suppose 15*w - 85 - 5 = 0. Let h be 4*7/(-56)*(0 + w). Let q(f) = f**2 + 2*f + 2. Determine q(h).
5
Let n(k) = -8*k + 49*k**2 + k**3 - 15*k**2 - 28*k**2 - 1. Let f = 22 + -8. Let l = f + -21. Give n(l).
6
Let n(l) = l + 7. Let m be n(-5). Let x(z) = -11 + 5 - z**3 + 11*z**2 + 0*z**m. Calculate x(11).
-6
Let a = 79 + -124. Let o = a + 46. Let t(y) = -6*y**3 - y. Calculate t(o).
-7
Let f(y) be the third derivative of y**5/60 + y**4/8 - y**3/6 - 38*y**2. Give f(-4).
3
Let j(o) = -3*o + 13. Let l be ((-3)/8)/((-16)/(18 + 110)). What is j(l)?
4
Let i(r) = r**3 - 5*r**2 + 6*r - 2. Let s be i(4). Let t(n) be the first derivative of n**3/3 - 7*n - 935. Calculate t(s).
29
Let z(s) = -3*s - 22. Let y(h) = -2*h - 10. Let x(r) = -7*y(r) + 3*z(r). Determine x(-7).
-31
Let t(b) = -8*b**2 + 9. Let q(d) = -9*d**2 + 11. Let f(r) = -4*q(r) + 5*t(r). What is f(-1)?
-3
Let y(c) = -c**2 - 14*c - 11. Let v be y(-13). Let b(o) = 5*o - 2*o - 5*o**v - 3 - 2*o**2 + 8*o**2. Calculate b(-4).
1
Let s be (-7)/(21/12) - -8. Let y(h) = -3*h**3 - s + 2*h**3 - 3 - 3*h - h**2 + 5. Let x(p) = -p - 17. Let d be x(-15). Calculate y(d).
8
Let g(b) = -b**3 + 9*b - 16 + 6*b**2 + 0*b**2 + 6. Let y be 9/(-162)*-129 - (-2)/(-12). Determine g(y).
4
Let j(n) = -n**3 - 4*n**2 - 18*n + 4. Let l(y) = -y**3 - 5*y**2 - 16*y + 3. Let v(p) = 4*j(p) - 5*l(p). Determine v(-8).
1
Let g(m) = -m**3 - 11*m**2 - 11*m - 5. Suppose 177 = -5*c + 127. Give g(c).
5
Suppose -4*l = q - 16, 25 = l + 4*q + 6. Let u = -17 - -25. Suppose -l*d - 16 = u. Let r(m) = m**3 + 8*m**2 + m + 4. Calculate r(d).
-4
Let g(i) = -i - 21. Let c be g(-23). Let t(w) = -w**2 + 8*w - 12 + 4*w**2 + 3 - 4*w**c. What is t(6)?
3
Let z(m) be the first derivative of m**2 - 16 + 5 + 6 - 6*m. Determine z(6).
6
Let i(f) = 4*f**2 + 16*f - 10. Let o be i(-4). Le